e 11, what is 4816 - a2?
4724
In base 5, what is -121020 + -1421?
-122441
In base 10, what is 9 + 4105?
4114
In base 8, what is -3 - -4530653?
4530650
In base 3, what is 202 + 10202121?
10210100
In base 7, what is 3 + -5212?
-5206
In base 16, what is 4ec - 22?
4ca
In base 5, what is 1033230 + -1?
1033224
In base 2, what is -1000001 - -111001010000?
111000001111
In base 3, what is 100222011012 - 0?
100222011012
In base 4, what is -3031 - 2130222?
-2133313
In base 4, what is 113301303 + 11?
113301320
In base 14, what is 732 + -1551?
-c1d
In base 16, what is 6 - -304c0?
304c6
In base 5, what is 1001 + -1140?
-134
In base 12, what is 9950 - -6?
9956
In base 13, what is -4 + -2053?
-2057
In base 3, what is -12210021020 - -2?
-12210021011
In base 9, what is -260260 - 3?
-260263
In base 6, what is -22233 - 413?
-23050
In base 11, what is 2 - 5040a2?
-5040a0
In base 14, what is -4cd + 4?
-4c9
In base 3, what is -211 + -110221111?
-110222022
In base 5, what is -103222 + -21?
-103243
In base 15, what is -1a0aa - 5?
-1a0b0
In base 3, what is 10 + -1221210210120?
-1221210210110
In base 8, what is -121 - -437?
316
In base 11, what is 43 + 2262?
22a5
In base 2, what is -110100001000011011 + -1010?
-110100001000100101
In base 7, what is 1400 + 240?
1640
In base 14, what is -160 - -59?
-105
In base 2, what is -11001000110111010 - -1001?
-11001000110110001
In base 11, what is 129a6 + 1?
129a7
In base 4, what is 11 + -212212?
-212201
In base 3, what is -21001 + -221112?
-1012120
In base 10, what is -136 + 3?
-133
In base 3, what is 2100 - 10212122?
-10210022
In base 16, what is -5cf + -2?
-5d1
In base 6, what is -321 - 1011?
-1332
In base 3, what is 2121102122 - -1?
2121102200
In base 3, what is -200 - -101121001101?
101121000201
In base 3, what is 10100010211012 - -11?
10100010211100
In base 4, what is 21031120 + -1?
21031113
In base 14, what is 118 + -7b?
7b
In base 15, what is 1 + -5508?
-5507
In base 12, what is -833 - 206?
-a39
In base 4, what is -20032333 + 12?
-20032321
In base 7, what is -5 + -362043?
-362051
In base 11, what is 2865758 - -2?
286575a
In base 13, what is -3 - 977b?
-9781
In base 8, what is 0 - 7562?
-7562
In base 6, what is 233 + -1003353?
-1003120
In base 3, what is 22202 - -11202122?
12002101
In base 6, what is 1024422 - -1?
1024423
In base 11, what is 2855 + 440?
3195
In base 5, what is -1222 - -2313?
1041
In base 6, what is -5 - -314320?
314311
In base 2, what is 110101 + 100101001010010?
100101010000111
In base 8, what is -3 - -1512267?
1512264
In base 11, what is 6 - -427357?
427362
In base 11, what is 298 - -5a?
347
In base 9, what is 5 - 405880?
-405874
In base 6, what is -120 - 323404?
-323524
In base 6, what is -4215 - -134?
-4041
In base 16, what is -6ce + 45?
-689
In base 2, what is -1010111100010111 - 11011?
-1010111100110010
In base 3, what is -1011 + -11122020?
-11200101
In base 13, what is 73 + -63c6?
-6353
In base 9, what is 12 - -177288?
177311
In base 15, what is 2 - 1be20?
-1be1d
In base 6, what is 55 - -11152?
11251
In base 4, what is -1020012301 - -3?
-1020012232
In base 9, what is -3080 - 617?
-3707
In base 11, what is -3267a + -2?
-32681
In base 9, what is -24351 - -15?
-24335
In base 6, what is -42054153 + -5?
-42054202
In base 15, what is -3 - 167c?
-1680
In base 3, what is -2 - -2022100010?
2022100001
In base 10, what is -58 + 3489?
3431
In base 8, what is -543 + -104?
-647
In base 12, what is -28 - -625?
5b9
In base 9, what is 77612 + -3?
77608
In base 5, what is -202003144 + 2?
-202003142
In base 12, what is -14135 - -4?
-14131
In base 11, what is -2222 - -12?
-2210
In base 11, what is 13 + a29a?
a302
In base 12, what is 5 + -b203?
-b1ba
In base 7, what is -5060 + -54?
-5144
In base 8, what is -102 - 114?
-216
In base 8, what is 14023 - -252?
14275
In base 11, what is -514 - a?
-523
In base 12, what is 58254 - -5?
58259
In base 7, what is -4 - -154504?
154500
In base 10, what is 11 + 130378?
130389
In base 9, what is 408 - -1885?
2404
In base 11, what is 3 - -57818?
57820
In base 4, what is 1313233 - 1?
1313232
In base 5, what is 1 - -314123?
314124
In base 16, what is -4 - -c6ea6?
c6ea2
In base 15, what is 12585 + 5?
1258a
In base 15, what is -13761d - 2?
-137620
In base 15, what is 1 + 2ba4?
2ba5
In base 7, what is 122435 + 25?
122463
In base 5, what is -34302414 - -33?
-34302331
In base 15, what is -1 - 30d5d?
-30d5e
In base 15, what is -5e7 + b?
-5db
In base 5, what is 113323 + 13?
113341
In base 15, what is -8 + 1e1b3?
1e1aa
In base 16, what is -9223e - 3?
-92241
In base 8, what is -3654 - 21?
-3675
In base 10, what is -373988 + 6?
-373982
In base 15, what is d49 - 92?
ca7
In base 15, what is -99 - -46a?
3c1
In base 5, what is 2440 + 134?
3124
In base 16, what is 287 - -12?
299
In base 10, what is -280 + -10533?
-10813
In base 7, what is -41 - -401?
330
In base 16, what is -38d - -35?
-358
In base 16, what is 2 - c2cc?
-c2ca
In base 15, what is -4e31 + -c?
-4e3d
In base 11, what is 5143 + 2?
5145
In base 5, what is -433 - -22430?
21442
In base 10, what is 7470 - -2?
7472
In base 3, what is 11 + 20022120200?
20022120211
In base 12, what is -395a67 + -4?
-395a6b
In base 7, what is 13 - 14131?
-14115
In base 2, what is 11010101000010 + 11110?
11010101100000
In base 2, what is 1111 - -111000010100110?
111000010110101
In base 13, what is -130 + c84?
b54
In base 13, what is 1566 - 2b?
1538
In base 6, what is 4 + -31255?
-31251
In base 13, what is 1b - -5cc?
61a
In base 16, what is d - 16fe?
-16f1
In base 16, what is 14a63 + 2?
14a65
In base 14, what is -1719dba - 2?
-1719dbc
In base 7, what is 21 - -265212?
265233
In base 13, what is -34921 + 0?
-34921
In base 3, what is 10100001 - 20102?
10002122
In base 11, what is 8a80 + 4?
8a84
In base 10, what is -9 + -8153?
-8162
In base 9, what is -4 + -126367?
-126372
In base 7, what is 1503 - 5666?
-4163
In base 14, what is -34a2 - -5?
-349b
In base 3, what is -1201200212 + -121?
-1201201110
In base 7, what is -44 - 61641?
-62015
In base 6, what is -1021 + 2135?
1114
In base 13, what is 10393 - 4?
1038c
In base 4, what is -21211001 + -3?
-21211010
In base 5, what is -24032 + 102?
-23430
In base 10, what is 41 + 13627?
13668
In base 2, what is -101101 + -1010001?
-1111110
In base 16, what is 2 - -3165?
3167
In base 12, what is 2789 + -8?
2781
In base 8, what is -30640 - -55?
-30563
In base 10, what is 4 - -85720?
85724
In base 2, what is -100101 + -10101111011?
-10110100000
In base 5, what is 34200 - -24?
34224
In base 11, what is 558a3 - -1?
558a4
In base 13, what is 1124 + -10a?
1017
In base 16, what is 9b79 + -4?
9b75
In base 2, what is -1011 + 101011111001100?
101011111000001
In base 8, what is -41602 + -240?
-42042
In base 2, what is 1 - 110001011111100?
-110001011111011
In base 16, what is -cee + -f6?
-de4
In base 9, what is 127 - 14507?
-14370
In base 15, what is 3 + -8cb2?
-8cae
In base 10, what is 7 + 121464?
121471
In base 8, what is 2 - 244161?
-244157
In base 4, what is -1111322113 - 1?
-1111322120
In base 15, what is 2 + -2937d?
-2937b
In base 16, what is c - 181ff?
-181f3
In base 16, what is 6 - 51c3?
-51bd
In base 14, what is -5 + -270c8?
-270cd
In base 4, what is 220230232 - -10?
220230302
In base 12, what is -161 + -17?
-178
In base 13, what is 30b0 + 4?
30b4
In base 4, what is -10 - -21212011?
21212001
In base 4, what is 1033 + 1331?
3030
In base 16, what is -632 - 10f?
-741
In base 4, what is -3 + 10321110113?
10321110110
In base 13, what is -276 + 219?
-5a
In base 6, what is 1155 + -220?
535
In base 7, what is -11153 - 1155?
-12341
In base 10, what is 311 + 404?
715
In base 11, what is -2 - -11570?
11569
In base 16, what is -1af2f + 12?
-1af1d
In base 7, what is 10 + -26010?
-26000
In base 11, what is 1a + 1224?
1243
In base 7, what is 6265 - 4311?
1654
In base 11, what is 1 + 564?
565
In base 15, what is -2b7 + 25?
-292
In base 7, what is -1543010 + 5?
-1543002
In base 6, what is -220 + 1041150?
1040530
In base 15, what is -14cb0 + -3?
-14cb3
In base 5, what is -2 + 1341312?
1341310
In base 13, what is -3 + -1298b8?
-1298bb
In base 8, what is -13404357 - 5?
-13404364
In base 5, what is 11 - -24023?
24034
In base 5, what is -421321034 + 0?
-421321034
In base 8, what is 346 - -216?
564
In base 15, what is -635c + -1e?
-637b
In base 15, what is 7